l**2 + 3*l - 3. Let w be q(2). Suppose 0 = -132*x + 30*x - 204. What is the tens digit of x + 2 - w - (2 + -127)?
2
Let q(z) = 54*z**2 + 11*z - 59. What is the thousands digit of q(10)?
5
Suppose -5*n + 937 = j, n - 1856 = -3*j + j. Suppose j = -18*q + 21*q. What is the hundreds digit of q?
3
What is the thousands digit of (-4 + 2568)*((13 - 9) + -3)?
2
Suppose -4*f + 597*d = 601*d - 294916, -2*d - 294868 = -4*f. What is the units digit of f?
1
Suppose m + 1187 - 9153 = 0. Suppose -c = 4*y - m, -3*y + 3970 = -4*c - 2014. What is the thousands digit of y?
1
Let i(p) = -4*p + 2. Let v be i(-1). Let n be 440/(-12)*(-9)/v. Let b = n - 41. What is the tens digit of b?
1
Let m = 13546 - -8519. What is the hundreds digit of m?
0
What is the ten thousands digit of (-451)/99 + 5 + 1004200/45?
2
Let b be (2 + -3)/(1/(-35)). Suppose -b*m - 209 = -36*m. What is the hundreds digit of m?
2
Suppose -26*t - 472960 = -38*t - 28*t. What is the units digit of t?
4
What is the tens digit of (-15)/(-11 - -6) - ((-5 - -5) + -20289)?
9
Let m(q) = -3*q**2 + q + 1. Let i be m(5). Let h = -65 - i. Suppose -h*k + 53 = -51. What is the units digit of k?
6
Suppose -7*m = -3090 - 1880. Let d = -200 + m. What is the tens digit of d?
1
Let y(f) = -14567*f - 24. What is the units digit of y(-1)?
3
What is the hundreds digit of (((-5619)/(-9))/(5/18))/(78/585)?
8
Let d be ((-18)/(-12)*-4)/(-2). Suppose 4*p + 5*o = 825, o + 1053 = d*p + 2*p. What is the units digit of p?
0
Let l(s) = 5746*s**3 + 7*s**2 - 23*s + 22. What is the tens digit of l(2)?
7
Let q(v) = 175*v - 412. What is the tens digit of q(6)?
3
What is the hundreds digit of (-1*1 - 1) + (-1072561)/265*-5?
2
Suppose 5*n + 40*r - 7970 = 0, 2*n - 12*r = -8*r + 3048. What is the tens digit of n?
3
Suppose -21*p - 18055 = -26*p. Suppose 42*u - 40*u = -5*r + 4510, -4*r - u + p = 0. What is the units digit of r?
4
Let f = -2586 - -5006. What is the thousands digit of f?
2
Let v = 111 + -269. Let b = v + 212. What is the tens digit of b?
5
Let y = 6251 - 4600. What is the hundreds digit of y?
6
Let t(n) = -n**3 - 7*n**2 - 9*n + 7. Let u be t(-5). Suppose u*o = o + 2. Suppose 4*p - 6 + 82 = 4*a, -3*a - o*p = -77. What is the tens digit of a?
2
Let h be (-1)/2*6/3. Let n(y) = 2*y**2 - 3*y - 2. Let m be n(h). What is the tens digit of 2 + -7 + m + 58?
5
Let w(s) = 4*s**3 + 6*s**2 + 3*s - 5. Let d be w(-4). Let m = d - -321. What is the units digit of m?
4
Let m(t) = -t**2 - 6*t + 7. Let u be m(-7). Suppose u = 8*i - 7*i - 2. Suppose -3*x = -0*y + 3*y - 42, x = -i*y + 32. What is the tens digit of y?
1
Let w(r) be the third derivative of r**4/24 - 5*r**3/6 - 366*r**2. Let s be 98/6 - (-2)/3. What is the units digit of w(s)?
2
Suppose 2*p = -5*b + 10, p - 5 = 6*b - 2*b. Suppose -p*l = -308 - 562. Suppose -l = -2*x - x. What is the tens digit of x?
5
Suppose -10*u = -3*u - 721. Suppose -z = -u + 44. Let i = 230 - z. What is the units digit of i?
1
Let h be 8/(-48) - (1 + (-1402)/(-12)). Let m = h - -189. Let b = m + -45. What is the tens digit of b?
2
Let o(u) = -11 + 6*u - 4 - 24 - 15*u. Let t be o(-13). Let s = 112 - t. What is the tens digit of s?
3
Suppose 800308 = -45*k + 2278108. What is the hundreds digit of k?
8
Let o = 68 - 69. Let k be (o - (-8)/(-6))/(7/21). Let w(v) = v**3 + 10*v**2 + 10*v + 12. What is the tens digit of w(k)?
8
What is the tens digit of -38*(13/(-6) + -4)*6?
0
Let t(f) be the second derivative of -35*f**3/6 - 7*f**2 - 13*f. Let s be t(-4). Suppose 0*g - s = -7*g. What is the tens digit of g?
1
Let w be ((-12)/16)/(-1 + 1434/1440). What is the units digit of 128550/w - (-5)/6?
5
Let h = -17516 - -24400. What is the thousands digit of h?
6
Suppose -134*a - 28*a + 108414 = -48*a. What is the hundreds digit of a?
9
Suppose -117 = -6*v + 33. Let s(x) = -276*x**2 + 275*x**2 - 9 + 27 - v*x. What is the tens digit of s(-14)?
7
Suppose -2*z - 2*z - 5*l + 146 = 0, 2*l = -2*z + 74. Suppose 14 - 69 = -4*x - f, -36 = -3*x + f. What is the tens digit of 1164/z - (-2)/x?
3
Suppose -3*q - 253 - 53 = 0. Let w = 109 + q. What is the tens digit of 22 - ((-5 - -1) + w)?
1
Let x = 82 + -79. Suppose x*a - 2085 = -576. What is the units digit of a?
3
Let v be ((-4)/6)/((-12)/5742). Let i(q) = q**3 - 11*q**2 + 26*q - 12. Let u be i(8). Suppose -u*y + l + 256 = 0, -4*y + l + v = y. What is the tens digit of y?
6
Suppose o = 5, 10066 = u + 3*o - 16445. What is the ten thousands digit of u?
2
Let t = -105 - -34. Let h = t + 118. What is the tens digit of h?
4
Let f(a) = a**3 - 8*a**2 - 16*a - 1. Suppose -2*k - d + 320 = 3*k, 0 = 4*k + 5*d - 256. Let b = k + -54. What is the tens digit of f(b)?
3
Let k = -823 - -1171. Let d = 706 - k. Suppose 0 = -7*r + d + 363. What is the tens digit of r?
0
Let s be 581/63 - (-4)/(-18). Suppose 90 = s*v + 27. What is the tens digit of 0 + 94 + (-7)/v?
9
Let x(t) = -15*t - 9. Let f be x(-6). Let w be (4/6)/((-3)/f). Let s = w + 120. What is the tens digit of s?
0
Suppose -2*f + 2 = 5*p + 6, 4 = -2*f. Suppose h + 3*k - 233 - 151 = p, -k - 803 = -2*h. What is the units digit of h?
9
Suppose 69 = -11*f - 12*f. Let x(m) be the second derivative of 5*m**4/2 - 2*m**3/3 + m**2/2 + 3*m. What is the units digit of x(f)?
3
Suppose -4*q + 38700 = 4*t, -t + 6*q + 9672 = 4*q. What is the tens digit of t?
7
Suppose 618*c + 121095 = 641*c. What is the hundreds digit of c?
2
Let v be 1*(-97)/3*6/(-2). Suppose 98*a - v*a = 137. What is the hundreds digit of a?
1
Suppose -4*v = -39313 - 76027. What is the units digit of v?
5
Suppose 0 = -4*t - 5*f + 44, -5*f = -4*t - 4 + 8. What is the units digit of (-3)/t*6 + 154?
1
Let v(p) be the first derivative of -7*p**3/3 + 3*p**2/2 + 2*p - 19. Let n be v(-2). What is the units digit of (n/(-5))/(1548/220 + -7)?
6
Suppose 4*z = -3*g + 5783, -2*z + 14*g + 2893 = 17*g. Let c = 3266 - z. What is the tens digit of c?
2
Let q = -24807 - -45145. What is the thousands digit of q?
0
Suppose 3*m - 6219 = 6*o, m + 4*o - 1532 = 511. What is the tens digit of m?
6
Let h = 9168 + -5415. What is the units digit of (1 + h/(-6))*(-58)/29?
9
Suppose y + 249 - 807 = 5*k, -2*y - 2*k + 1068 = 0. What is the units digit of y?
8
Suppose 40*v = 32*v + 40. Suppose v*p - 2*z - 50 = 0, z + 28 = -4*p + 81. Suppose 15*r - 261 = p*r. What is the tens digit of r?
8
Suppose -4*g = s + 66, -s + 212 = -5*s - 3*g. Let k = s - -48. Let w = k - -101. What is the tens digit of w?
9
Let s be (0 - -2)/(4/(-128)). Let z be (s/16)/(4/(-3)). Suppose -5*y = -4*j + 82, 66 = 2*j + 2*j + z*y. What is the units digit of j?
8
Suppose -4*r = -3*w - 2*r + 34358, 0 = 5*w + 4*r - 57300. What is the hundreds digit of w?
4
Let r = 269 - -2521. What is the units digit of r?
0
Let x be -12*(-2)/(-6)*-1. Suppose x*b - 50 = -5*v, -3*b - 2*v + 24 = -b. Suppose 0 = -b*s + 9*s + 67. What is the units digit of s?
7
Let s(r) be the second derivative of r**5/20 + 19*r**4/12 - 7*r**3 + 67*r**2/2 - 5*r. What is the tens digit of s(-19)?
6
Suppose 74*u = 24*u + 476600. What is the units digit of u?
2
Let k = -337 + 2322. What is the thousands digit of k?
1
Suppose -4*d = -5*v - 38 + 13, -4*d = -4*v - 20. Suppose d = -3*l + 12, -2*l - 2 - 6 = 2*g. What is the units digit of (-1)/4*(-12 - g)?
1
Let z(g) = 731*g - 1. Let h be z(2). Let w = h + -822. What is the hundreds digit of w?
6
Let w be 4/(-4 + 144/30). Suppose 0 = 3*m + 3*u - 447, 9*m + 129 = 10*m + w*u. What is the units digit of m?
4
Let v(r) be the third derivative of 13*r**5/30 - 5*r**4/24 - 2*r**3 - 57*r**2. What is the hundreds digit of v(3)?
2
Let p(h) = 25 - 22*h - 8*h - 32. Suppose -4*b + 7*b + 6 = 0. What is the units digit of p(b)?
3
Let k(x) = -7*x + 4 - 2 - 1 - 3*x + 3*x**2. Let t(g) = -4*g + 20. Let s be t(4). What is the units digit of k(s)?
9
Let c = 27 + -21. Let r(v) = v + 10. Let a be r(-13). What is the tens digit of ((-208)/c)/((1/a)/1)?
0
Let h = -27 - -21. What is the tens digit of (h/(96/28))/(3/(-1884))?
9
Suppose -5*z + 10*p + 20 = 9*p, 4*z - 5 = 3*p. Suppose z*s = -4*n + 2418, -5*n = 4*s - 0*s - 3027. What is the units digit of n?
7
Let b = 1540 - 723. What is the hundreds digit of b?
8
Let n(m) = -m**2 - 11*m + 9. Suppose 3*o - 6 = -3*o. Let d be -2 + (o + 3)*-2. What is the units digit of n(d)?
9
Let l = -2 - -3. Let k(x) = x**3 - 16*x**2 + 23*x + 7